{"id":347,"date":"2020-07-19T11:50:49","date_gmt":"2020-07-19T11:50:49","guid":{"rendered":"https:\/\/magexo.matosoft.cz\/?page_id=347"},"modified":"2021-11-18T13:34:34","modified_gmt":"2021-11-18T13:34:34","slug":"testovaci-stranka","status":"publish","type":"page","link":"https:\/\/magexo.matosoft.cz\/?page_id=347","title":{"rendered":"Testovac\u00ed str\u00e1nka"},"content":{"rendered":"<p>\u00a0<b>[wt_cli_manage_consent]<\/b>\u00a0<\/p>\n<p>\u00a0<\/p>\n\t<div id=\"popup-form\" class=\"popup-form-wrapp\">\n\t\t<a class=\"js-popup-form-open btn btn--job\" href=\"#register\">Register form<\/a>\n\t\t<div class=\"js-popup-form popup-form\">\n\t\t\t<div class=\"js-popup-form-close popup-form-background\"><\/div>\n\t\t\t<div class=\"popup-form-box popup-form-box--small\">\t\t\t\t\t\t\n\t\t\t\t<div class=\"js-popup-form-container popup-form-container popup-form-container--small\">\n\t\t\t\t\t\t<div class=\"popup-form-box__title\">Watch the Time to speed up! webinar<\/div>\n\t<div class=\"popup-form-box__text\">Please fill out the form below to get the link to the webinar.<\/div>\n\t<div class=\"js-popup-form-content\">\n\t\t<form class=\"js-popup-form-el\" method=\"post\">\n\t\t\t<div class=\"form-row\">\n\t\t\t\t<div class=\"form-col form-col--required\">\n\t\t\t\t\t<input class=\"js-your-FNAME\" type=\"text\" name=\"your-name\" value=\"\" required=\"true\" aria-invalid=\"false\" placeholder=\"Jm\u00e9no\">\n\t\t\t\t<\/div>\n\t\t\t<\/div>\n\t\t\t<div class=\"form-row\">\n\t\t\t\t<div class=\"form-col form-col--required\">\n\t\t\t\t\t<input class=\"js-your-LNAME\" type=\"text\" name=\"your-surname\" value=\"\" required=\"true\" aria-invalid=\"false\" placeholder=\"P\u0159\u00edjmen\u00ed\">\n\t\t\t\t<\/div>\n\t\t\t<\/div>\n\t\t\t<div class=\"form-row\">\n\t\t\t\t<div class=\"form-col form-col--required\">\n\t\t\t\t\t<input class=\"js-your-EMAIL\" type=\"email\" name=\"your-email\" value=\"\" required=\"true\" aria-invalid=\"false\" placeholder=\"Pracovn\u00ed mail\">\n\t\t\t\t<\/div>\n\t\t\t<\/div>\n\t\t\t<div class=\"form-row\">\n\t\t\t\t<div class=\"form-col form-col--required\">\n\t\t\t\t\t<select class=\"js-your-MMERGE3\" name=\"MMERGE3\" class=\"required\" id=\"mce-MMERGE3\" required=\"true\">\n\t\t\t\t\t\t<option value=\"\">Pracovn\u00ed pozice<\/option>\n\t\t\t\t\t\t<option value=\"Ecommerce Executive\">Ecommerce Executive<\/option>\n\t\t\t\t\t\t<option value=\"Ecommerce Manager\">Ecommerce Manager<\/option>\n\t\t\t\t\t\t<option value=\"Ecommerce Director\">Ecommerce Director<\/option>\n\t\t\t\t\t\t<option value=\"Marketing Executive\">Marketing Executive<\/option>\n\t\t\t\t\t\t<option value=\"Marketing Manager\">Marketing Manager<\/option>\n\t\t\t\t\t\t<option value=\"Marketing Director\">Marketing Director<\/option>\n\t\t\t\t\t\t<option value=\"Consultant\/Agency\">Consultant\/Agency<\/option>\n\t\t\t\t\t\t<option value=\"IT executive\">IT executive<\/option>\n\t\t\t\t\t\t<option value=\"IT Manager\">IT Manager<\/option>\n\t\t\t\t\t\t<option value=\"IT Director\">IT Director<\/option>\n\t\t\t\t\t\t<option value=\"Developer\">Developer<\/option>\n\t\t\t\t\t\t<option value=\"Other\">Other<\/option>\n\t\t\t\t\t<\/select>\n\t\t\t\t<\/div>\n\t\t\t<\/div>\n\t\t\t<div class=\"form-row\">\n\t\t\t\t<div class=\"form-col form-col--required\">\n\t\t\t\t\t<input class=\"js-your-MMERGE4\" type=\"text\" name=\"your-MMERGE4\" value=\"\" required=\"true\" placeholder=\"Jm\u00e9no spole\u010dnosti\">\n\t\t\t\t<\/div>\n\t\t\t<\/div>\n\t\t\t<div class=\"form-row\">\n\t\t\t\t<div class=\"form-col\">\n\t\t\t\t\t<select class=\"js-your-MMERGE5\" name=\"MMERGE5\" class=\"\" id=\"mce-MMERGE5\">\n\t\t\t\t\t\t<option value=\"\">Typ va\u0161eho byznysu<\/option>\n\t\t\t\t\t\t<option value=\"Company with e-shop\">Company with e-shop<\/option>\n\t\t\t\t\t\t<option value=\"Agency or solution provider\">Agency or solution provider<\/option>\n\t\t\t\t\t\t<option value=\"Freelancer\">Freelancer<\/option>\n\t\t\t\t\t\t<option value=\"Other\">Other<\/option>\n\t\t\t\t\t<\/select>\n\t\t\t\t<\/div>\n\t\t\t<\/div>\n\t\t\t<div class=\"form-row\">\n\t\t\t\t<div class=\"form-col form-col--required\">\n\t\t\t\t\t<select class=\"js-your-MMERGE6\" name=\"MMERGE6\" class=\"required\" id=\"mce-MMERGE6\" required=\"true\">\n\t\t\t\t\t\t<option value=\"\">Jakou e-commerce platformu pou\u017e\u00edv\u00e1te?<\/option>\n\t\t\t\t\t\t<option value=\"BigCommerce\">BigCommerce<\/option>\n\t\t\t\t\t\t<option value=\"Kentico\">Kentico<\/option>\n\t\t\t\t\t\t<option value=\"Magento\/Adobe Commerce\">Magento\/Adobe Commerce<\/option>\n\t\t\t\t\t\t<option value=\"OpenCart\">OpenCart<\/option>\n\t\t\t\t\t\t<option value=\"Prestashop\">Prestashop<\/option>\n\t\t\t\t\t\t<option value=\"Shopify\">Shopify<\/option>\n\t\t\t\t\t\t<option value=\"Shopsys\">Shopsys<\/option>\n\t\t\t\t\t\t<option value=\"Shoptet\">Shoptet<\/option>\n\t\t\t\t\t\t<option value=\"Weebly\">Weebly<\/option>\n\t\t\t\t\t\t<option value=\"Wix\">Wix<\/option>\n\t\t\t\t\t\t<option value=\"WooCommerce\">WooCommerce<\/option>\n\t\t\t\t\t\t<option value=\"We have got own inhouse platform\">We have got own inhouse platform<\/option>\n\t\t\t\t\t\t<option value=\"Other\">Other<\/option>\n\t\t\t\t\t\t<option value=\"None\">None<\/option>\n\t\t\t\t\t<\/select>\n\t\t\t\t<\/div>\n\t\t\t<\/div>\n\t\t\t<div class=\"form-row form-row--btn\">\n\t\t\t\t<div class=\"form-col form-col--center\">\n\t\t\t\t\t<input type=\"submit\" value=\"Odeslat\" class=\"js-popup-form-el-btn btn\">\n\t\t\t\t<\/div>\n\t\t\t<\/div>\n\t\t\t<input type=\"hidden\" value=\"1\" class=\"js-popup-form-el-step\">\n\t\t<\/form>\n\t<\/div>\n\t<div class=\"js-popup-form-close popup-form-close icon-close\"><\/div>\n\t<div class=\"popup-form-box__text popup-form-box__text--bottom\"><p>By supplying my contact information, I authorize the MageXo company to contact me via personalized communications about its products and services. See our <a href=\"https:\/\/www.magexo.cz\/en\/consent-to-the-processing-of-personal-data\/\">Privacy Policy<\/a> for more details or to <a href=\"https:\/\/magexo.us3.list-manage.com\/unsubscribe\/post\">opt-out<\/a> at any time.<\/p>\n<\/div>\n\t\t\t\t\t<\/div>\t\t\t\t\t\t\n\t\t\t<\/div>\n\t\t<\/div>\n\t<\/div>\n\t\n\n\n<p>Test nadpis\u016f<\/p>\n\n\n\n<h1 class=\"wp-block-heading\">Nadpis \u00farovn\u011b H1<\/h1>\n\n\n\n<p>Lorem ipsum dolor sit amet, consectetuer adipiscing elit. Curabitur vitae diam non enim vestibulum interdum. Aenean vel massa quis mauris vehicula lacinia. Etiam dictum tincidunt diam. Aenean fermentum risus id tortor. Maecenas lorem. Maecenas ipsum velit, consectetuer eu lobortis ut, dictum at dui. Nulla non arcu lacinia neque faucibus fringilla. Quisque porta.<\/p>\n\n\n\n<h2 class=\"wp-block-heading\">Nadpis \u00farovn\u011b H2<\/h2>\n\n\n\n<p>Lorem ipsum dolor sit amet, consectetuer adipiscing elit. Curabitur vitae diam non enim vestibulum interdum. Aenean vel massa quis mauris vehicula lacinia. Etiam dictum tincidunt diam. Aenean fermentum risus id tortor. Maecenas lorem. Maecenas ipsum velit, consectetuer eu lobortis ut, dictum at dui. Nulla non arcu lacinia neque faucibus fringilla. Quisque porta.<\/p>\n\n\n\n<h3 class=\"wp-block-heading\">Nadpis \u00farovn\u011b H3<\/h3>\n\n\n\n<p>Lorem ipsum dolor sit amet, consectetuer adipiscing elit. Curabitur vitae diam non enim vestibulum interdum. Aenean vel massa quis mauris vehicula lacinia. Etiam dictum tincidunt diam. Aenean fermentum risus id tortor. Maecenas lorem. Maecenas ipsum velit, consectetuer eu lobortis ut, dictum at dui. Nulla non arcu lacinia neque faucibus fringilla. Quisque porta.<\/p>\n\n\n\n<script>(function() {\n\twindow.mc4wp = window.mc4wp || {\n\t\tlisteners: [],\n\t\tforms: {\n\t\t\ton: function(evt, cb) {\n\t\t\t\twindow.mc4wp.listeners.push(\n\t\t\t\t\t{\n\t\t\t\t\t\tevent   : evt,\n\t\t\t\t\t\tcallback: cb\n\t\t\t\t\t}\n\t\t\t\t);\n\t\t\t}\n\t\t}\n\t}\n})();\n<\/script><!-- Mailchimp for WordPress v4.9.1 - https:\/\/wordpress.org\/plugins\/mailchimp-for-wp\/ --><form id=\"mc4wp-form-1\" class=\"mc4wp-form mc4wp-form-390\" method=\"post\" data-id=\"390\" data-name=\"Testovac\u00ed form\" ><div class=\"mc4wp-form-fields\"><div class=\"form-box\">\r\n    <div class=\"form-box-section form-box-section--thin\">\r\n        <div class=\"form-row\">\r\n            <div class=\"form-col form-col--required\">\r\n\t\t<input type=\"email\" name=\"EMAIL\" placeholder=\"Emailov\u00e1 adresa\" required \/>\r\n            <\/div>\r\n        <\/div>\r\n        <div class=\"form-row\">\r\n            <div class=\"form-col\">\r\n\t\t<label class=\"checkbox-label\">\r\n          <input name=\"AGREE_TO_TERMS\" type=\"checkbox\" value=\"0\" required><span><\/span> <a href=\"\/\" target=\"_blank\">I have read and agree to the terms &amp; conditions<\/a>\r\n\t    <\/label>\r\n            <\/div>\r\n        <\/div>\r\n        <div class=\"form-row form-row--btn\">\r\n            <div class=\"form-col form-col--center\">\r\n\t\t<input class=\"btn\" type=\"submit\" value=\"ODESLAT\" \/>\r\n            <\/div>\r\n        <\/div>\r\n    <\/div>\r\n<\/div><\/div><label style=\"display: none !important;\">Leave this field empty if you're human: <input type=\"text\" name=\"_mc4wp_honeypot\" value=\"\" tabindex=\"-1\" autocomplete=\"off\" \/><\/label><input type=\"hidden\" name=\"_mc4wp_timestamp\" value=\"1777957694\" \/><input type=\"hidden\" name=\"_mc4wp_form_id\" value=\"390\" \/><input type=\"hidden\" name=\"_mc4wp_form_element_id\" value=\"mc4wp-form-1\" \/><div class=\"mc4wp-response\"><\/div><\/form><!-- \/ Mailchimp for WordPress Plugin -->\n","protected":false},"excerpt":{"rendered":"<p>\u00a0[wt_cli_manage_consent]\u00a0 \u00a0 Test nadpis\u016f Nadpis \u00farovn\u011b H1 Lorem ipsum dolor sit amet, consectetuer adipiscing elit. Curabitur vitae diam non enim vestibulum interdum. Aenean vel massa quis mauris vehicula lacinia. Etiam dictum tincidunt diam. Aenean fermentum risus id tortor. Maecenas lorem. Maecenas ipsum velit, consectetuer eu lobortis ut, dictum at dui. Nulla non arcu lacinia neque faucibus fringilla. Quisque porta. Nadpis \u00farovn\u011b H2 Lorem ipsum dolor sit amet, consectetuer adipiscing elit. Curabitur vitae diam non enim vestibulum interdum. Aenean vel massa quis mauris vehicula lacinia. Etiam dictum tincidunt diam. Aenean fermentum risus id tortor. Maecenas lorem. Maecenas ipsum velit, consectetuer eu lobortis ut, dictum at dui. Nulla non arcu lacinia neque faucibus fringilla. Quisque porta. Nadpis \u00farovn\u011b H3 Lorem ipsum dolor sit amet, consectetuer adipiscing elit. Curabitur vitae diam non enim vestibulum interdum. Aenean vel massa quis mauris vehicula lacinia. Etiam dictum tincidunt diam. Aenean fermentum risus id tortor. Maecenas lorem. Maecenas ipsum velit, consectetuer eu lobortis ut, dictum at dui. Nulla non arcu lacinia neque faucibus fringilla. Quisque porta.<\/p>\n","protected":false},"author":1,"featured_media":0,"parent":0,"menu_order":0,"comment_status":"closed","ping_status":"closed","template":"","meta":{"_acf_changed":false,"footnotes":""},"class_list":["post-347","page","type-page","status-publish","hentry"],"acf":[],"_links":{"self":[{"href":"https:\/\/magexo.matosoft.cz\/index.php?rest_route=\/wp\/v2\/pages\/347","targetHints":{"allow":["GET"]}}],"collection":[{"href":"https:\/\/magexo.matosoft.cz\/index.php?rest_route=\/wp\/v2\/pages"}],"about":[{"href":"https:\/\/magexo.matosoft.cz\/index.php?rest_route=\/wp\/v2\/types\/page"}],"author":[{"embeddable":true,"href":"https:\/\/magexo.matosoft.cz\/index.php?rest_route=\/wp\/v2\/users\/1"}],"replies":[{"embeddable":true,"href":"https:\/\/magexo.matosoft.cz\/index.php?rest_route=%2Fwp%2Fv2%2Fcomments&post=347"}],"version-history":[{"count":11,"href":"https:\/\/magexo.matosoft.cz\/index.php?rest_route=\/wp\/v2\/pages\/347\/revisions"}],"predecessor-version":[{"id":668,"href":"https:\/\/magexo.matosoft.cz\/index.php?rest_route=\/wp\/v2\/pages\/347\/revisions\/668"}],"wp:attachment":[{"href":"https:\/\/magexo.matosoft.cz\/index.php?rest_route=%2Fwp%2Fv2%2Fmedia&parent=347"}],"curies":[{"name":"wp","href":"https:\/\/api.w.org\/{rel}","templated":true}]}}